132
What is the greatest common factor of 1635 and 15?
15
Calculate the highest common factor of 1576 and 8.
8
Calculate the highest common factor of 207 and 483.
69
Calculate the greatest common divisor of 2112 and 21.
3
Calculate the greatest common divisor of 752 and 1034.
94
What is the greatest common factor of 2641 and 38?
19
What is the highest common divisor of 3 and 183?
3
What is the greatest common divisor of 123 and 164?
41
What is the greatest common divisor of 8946 and 98?
14
What is the greatest common divisor of 5040 and 196?
28
What is the greatest common factor of 15 and 165?
15
What is the highest common factor of 14006 and 2086?
298
What is the highest common divisor of 53 and 50509?
53
Calculate the highest common divisor of 39 and 1209.
39
Calculate the highest common factor of 9480 and 16.
8
What is the greatest common divisor of 280 and 182?
14
Calculate the highest common factor of 56 and 6244.
28
Calculate the highest common factor of 1524 and 12.
12
Calculate the highest common divisor of 851 and 111.
37
Calculate the highest common factor of 250 and 1010.
10
Calculate the highest common divisor of 49 and 1519.
49
What is the greatest common divisor of 584 and 16?
8
What is the highest common factor of 127 and 1?
1
Calculate the greatest common divisor of 1155 and 105.
105
What is the greatest common factor of 165 and 1705?
55
Calculate the greatest common divisor of 68 and 442.
34
Calculate the greatest common factor of 212 and 4.
4
Calculate the greatest common factor of 321 and 34347.
321
Calculate the greatest common factor of 1357 and 295.
59
Calculate the highest common factor of 76 and 1406.
38
What is the greatest common divisor of 26 and 65?
13
What is the highest common factor of 1794 and 650?
26
What is the highest common divisor of 1148 and 56?
28
What is the greatest common factor of 792 and 936?
72
What is the greatest common divisor of 224 and 3668?
28
Calculate the greatest common factor of 1716 and 780.
156
What is the greatest common factor of 8845 and 725?
145
What is the greatest common divisor of 90 and 3270?
30
What is the greatest common factor of 1248 and 53248?
416
Calculate the greatest common divisor of 18 and 576.
18
Calculate the highest common factor of 116 and 1682.
58
Calculate the highest common divisor of 125 and 1050.
25
Calculate the greatest common factor of 4 and 196.
4
What is the greatest common divisor of 48 and 12?
12
What is the highest common divisor of 57 and 10203?
57
Calculate the greatest common divisor of 1414 and 140.
14
What is the highest common factor of 676 and 13?
13
Calculate the greatest common factor of 6 and 5715.
3
Calculate the highest common factor of 45 and 315.
45
Calculate the greatest common divisor of 578 and 6562.
34
What is the greatest common factor of 2 and 98?
2
What is the greatest common factor of 5664 and 42?
6
Calculate the highest common factor of 12 and 15.
3
Calculate the highest common divisor of 4 and 644.
4
Calculate the highest common divisor of 117 and 63.
9
What is the highest common divisor of 18 and 2712?
6
Calculate the highest common factor of 3645 and 45.
45
Calculate the highest common factor of 14 and 45.
1
Calculate the greatest common factor of 132362 and 458.
458
Calculate the highest common factor of 55 and 55.
55
Calculate the greatest common divisor of 459 and 2703.
51
What is the greatest common factor of 112 and 154?
14
Calculate the highest common factor of 351 and 1391.
13
Calculate the greatest common divisor of 27 and 42.
3
What is the greatest common divisor of 104 and 364?
52
Calculate the greatest common divisor of 13783 and 231.
77
What is the highest common factor of 774 and 72?
18
Calculate the highest common factor of 66 and 66.
66
What is the greatest common factor of 608 and 3838?
38
What is the greatest common factor of 11660 and 53?
53
Calculate the greatest common divisor of 424 and 14.
2
What is the highest common divisor of 10 and 16070?
10
Calculate the highest common factor of 162 and 2.
2
Calculate the highest common divisor of 20658 and 66.
66
Calculate the greatest common divisor of 3247 and 17.
17
What is the greatest common factor of 1 and 103?
1
Calculate the highest common divisor of 192 and 272.
16
Calculate the highest common divisor of 43 and 86.
43
Calculate the highest common divisor of 12 and 1236.
12
What is the highest common divisor of 1363 and 261?
29
Calculate the highest common factor of 190 and 60.
10
Calculate the highest common factor of 44 and 1298.
22
What is the highest common factor of 455 and 1105?
65
What is the highest common divisor of 120 and 456?
24
Calculate the highest common factor of 104 and 9074.
26
Calculate the greatest common divisor of 1715 and 35.
35
Calculate the highest common divisor of 55 and 7645.
55
What is the greatest common divisor of 2219 and 6023?
317
What is the greatest common factor of 25 and 25?
25
Calculate the greatest common factor of 35 and 20.
5
What is the greatest common divisor of 102 and 9?
3
What is the highest common factor of 3735 and 225?
45
What is the highest common divisor of 172 and 258?
86
What is the greatest common divisor of 3596 and 116?
116
What is the greatest common divisor of 1665 and 45?
45
What is the greatest common factor of 476 and 136?
68
What is the highest common divisor of 58353 and 318?
159
What is the highest common divisor of 2398 and 1?
1
Calculate the greatest common factor of 459 and 816.
51
Calculate the greatest common divisor of 2376 and 176.
88
Calculate the greatest common factor of 1105 and 65.
65
Calculate the greatest common divisor of 83 and 123089.
83
Calculate the highest common divisor of 20 and 5120.
20
What is the greatest common factor of 8858 and 43?
43
What is the greatest common divisor of 75 and 150?
75
Calculate the greatest common factor of 22 and 2.
2
Calculate the highest common factor of 45 and 1905.
15
Calculate the greatest common factor of 22500 and 36.
36
What is the greatest common divisor of 2 and 29?
1
What is the greatest common factor of 9 and 894?
3
What is the greatest common divisor of 101 and 25755?
101
Calculate the highest common divisor of 2400 and 15.
15
Calculate the highest common divisor of 1106 and 182.
14
What is the greatest common divisor of 9 and 321?
3
Calculate the highest common divisor of 268 and 603.
67
What is the highest common divisor of 3157 and 11?
11
Calculate the highest common divisor of 42852 and 12.
12
What is the greatest common factor of 1704 and 168?
24
Calculate the greatest common divisor of 63 and 6300.
63
Calculate the highest common divisor of 5781 and 1128.
141
Calculate the greatest common factor of 3 and 679.
1
Calculate the greatest common factor of 136 and 6.
2
Calculate the greatest common divisor of 338 and 13.
13
Calculate the greatest common factor of 288 and 18.
18
Calculate the highest common factor of 9339 and 132.
33
Calculate the greatest common divisor of 657 and 486.
9
Calculate the greatest common divisor of 40 and 8776.
8
Calculate the highest common factor of 686 and 22.
2
Calculate the greatest common divisor of 77 and 1815.
11
What is the greatest common divisor of 34 and 3791?
17
Calculate the highest common divisor of 588 and 1029.
147
Calculate the greatest common factor of 425 and 275.
25
Calculate the highest common divisor of 20 and 150.
10
Calculate the highest common factor of 153 and 34.
17
Calculate the highest common factor of 4114 and 170.
34
What is the greatest common divisor of 637 and 13?
13
Calculate the highest common divisor of 24 and 228.
12
What is the greatest common factor of 608 and 32?
32
What is the greatest common factor of 156 and 65?
13
What is the highest common factor of 6003 and 29?
29
What is the greatest common divisor of 64 and 80?
16
What is the highest common divisor of 7390 and 40?
10
Calculate the greatest common divisor of 5344 and 32.
32
Calculate the greatest common factor of 39 and 2756.
13
Calculate the highest common factor of 12363 and 117.
39
Calculate the greatest common factor of 750 and 45.
15
What is the highest common factor of 20 and 6540?
20
What is the highest common factor of 84 and 1029?
21
What is the greatest common factor of 120 and 330?
30
Calcula